 + 7*l - 2*l + 38, -5 = 5*l. Is 4/22 + 405/a a composite number?
False
Let f = -98237 - -46905. Let x be (-8)/36 - f/(-18). Is 1/(-8) + x/(-32) prime?
True
Suppose 73445 = 33*b - 59974. Is b composite?
True
Suppose 4*n + 26 = 3*y - y, 5*y = 5*n + 45. Suppose -1621 - 2437 = -y*v + 2*w, 4056 = 5*v - 4*w. Suppose 445 = 3*r - v. Is r a prime number?
True
Suppose i + 44 = 48. Is (11992/(-6))/i*-3 a composite number?
False
Let b = 18 + -44. Suppose 154 = -2*m + f, -2*m - 4*f - 154 = -f. Let z = b - m. Is z prime?
False
Suppose 5*q + 3*v = 99, -4*q + 9*q = 2*v + 84. Suppose 258 + q = 4*x. Is x a prime number?
False
Let h(l) = l**3 + 5*l**2 - 2*l + 12. Let f = -11 - -6. Is h(f) a prime number?
False
Let k = 18581 + -10424. Is k a prime number?
False
Suppose -14*o = -17896 - 20982. Is o prime?
True
Let h = 48 + 394. Suppose 315 = 3*t - 4*b, t + 2*b = -3*t + h. Is t a prime number?
True
Is 1*10/(90/189009) a prime number?
True
Suppose -6 = 6*h - 30. Suppose 2*i = -2*i + 1164. Suppose -h*l = 2*m - 3*l - i, -705 = -5*m + 2*l. Is m composite?
True
Let i(d) = 9*d**2 + d - 2. Let f be 9/1 - (-16)/(-8). Let u be i(f). Is (u + (-1)/1)*1 a prime number?
False
Let w be ((-66)/(-12))/((-1)/(-220)). Suppose 4*y - 5*b = -y - w, -4*b = -3*y - 722. Is y/(-5) - (-4)/(-20) prime?
False
Suppose 5*q = 5*a - 0*a - 30, 42 = -5*q + 2*a. Let o(i) = i**3 + 24*i**2 + 3*i + 15. Is o(q) a composite number?
True
Let g = 1559 + -510. Is g a prime number?
True
Suppose -1407 = -5*g + 2478. Let y = -146 + g. Is y a composite number?
False
Let z be -4 + (-20)/(-3) + 2/6. Suppose 0 = 2*l + 4*q - 126, 0 = -z*l + 2*q - 4*q + 173. Is l a prime number?
False
Is 1755 - (10/14 - 8/(-28)) composite?
True
Suppose y - 2*l - 72 = 0, -4*y + 350 = -2*l + 56. Suppose g = -g + y. Suppose d + 0*d = g. Is d composite?
False
Suppose -4*g + v = -22534, 2*v - 4*v + 22528 = 4*g. Is g composite?
True
Suppose -4*k = -6*k - b + 237, 3*b + 351 = 3*k. Is 4/(-6) - k/(-6) a composite number?
False
Let x(y) = 1963*y - 83. Is x(7) a composite number?
True
Let v be 399/(-38) - (-2)/4. Let i(w) = w**3 + 12*w**2 + 11. Is i(v) a composite number?
False
Let v(x) be the first derivative of -x**4/4 - x**3 - 3*x**2/2 + x - 5. Is v(-6) a prime number?
True
Let s = -111 + 185. Let c be 0/((-1 - 1)*-1). Suppose -2*h + c*h + s = 0. Is h prime?
True
Suppose 2*c - 55841 = 10917. Is c a prime number?
False
Let h(c) = -c**3 - 5*c**2 + 2*c - 4. Let y be h(-5). Let j = y - -20. Is 471/1*j/18 composite?
False
Let b(u) = -2117*u - 121. Is b(-6) a composite number?
True
Suppose 0 = 2*d + 4*x + 2 + 6, -x = 4*d - 12. Is 255 + -2*(-4)/8*d a composite number?
True
Suppose -21*a + 93 + 96 = 0. Let t be 1/(-2) - (-9)/2. Suppose -3*w + 102 = t*z, 4*z - a = w - 43. Is w composite?
True
Suppose -6*f + 400 = 5*v - f, 5*v = f + 388. Let c = v + -7. Is c composite?
False
Let g be 4*(14/(-4))/(1/(-253)). Let z = g + -2493. Is z a prime number?
True
Let f(m) = m + 29. Let h be f(-13). Is h/72 - (-1202)/18 a prime number?
True
Suppose -1360 = -2*q - 3*q. Suppose q = 9*z - 871. Is z prime?
True
Suppose q + 25 = -4*q. Let a(l) = -118*l - 4. Let f(s) = -59*s - 2. Let y(z) = -6*a(z) + 13*f(z). Is y(q) a composite number?
False
Suppose -10*c - 4037 = -69147. Is c a composite number?
True
Suppose -2*f + 24 = -16. Is -5*(1704/f)/(-6) prime?
True
Let z(m) = 92*m - 5. Let q be (11 + (-12)/4)*(-4)/(-16). Is z(q) a composite number?
False
Let u = -34333 - -58134. Is u a composite number?
False
Let s = 2111 - 1083. Is -1*s/(-8)*2 a prime number?
True
Suppose 0 = 3*z - 5*u - 4771 - 931, -5*z + 3*u + 9498 = 0. Suppose 0 = 4*v - 4703 + z. Is v a composite number?
False
Suppose 5*s - 7*j + 1 = -3*j, 13 = 3*s + j. Suppose -s*y = -r - 10, -4*y = 3*r - 8*r - 17. Suppose 2*x - 434 = 4*a, 0 = 6*x - x + y*a - 1046. Is x composite?
False
Suppose -1849 = 14*a - 5363. Is a a prime number?
True
Is (-7)/(-112) + (-152431)/(-16) prime?
False
Let t be 149420/6 + 7/(147/(-7)). Suppose 0 = 14*r - 5*r - t. Is r composite?
False
Is (63/14 + -2)/(1/278) prime?
False
Is ((-12)/54 + 70343/(-126))*-58 prime?
False
Let p be 4*2468/(-24) + 8/6. Let d = 459 - p. Is d a composite number?
True
Suppose 0 = 7*x - 10*x + 60. Suppose 214 = 2*f + x. Is f a prime number?
True
Let k = 103 + -101. Is k/(-24)*-3 + (-4406)/(-8) composite?
True
Suppose -2*h - 15420 = -8*h. Suppose 13*c + h = 10825. Is c composite?
True
Let t(d) = -2*d + 12. Let v be t(5). Suppose -2 = x - 3, v*o - 47 = -3*x. Is o a prime number?
False
Let y = 47 + -21. Suppose 3*h - 2 = z + y, -h = 2*z - 21. Suppose r - 58 + h = 0. Is r a prime number?
True
Let y(b) = -61*b - 1. Let u = 3 - 5. Is y(u) prime?
False
Suppose -p - 3*p - 2*i = -12, -5*p = -4*i - 2. Suppose 5*n - 21 = p*n. Suppose 4*w = 4*v + 188, -196 = 3*w - n*w + 2*v. Is w prime?
False
Is 61951 + ((-49)/(-7) - -3) a prime number?
True
Is 215/(-43)*(0 - (-6778)/(-10)) composite?
False
Let u = -2650 + 5757. Is u a composite number?
True
Let u(s) be the third derivative of -11*s**4/8 - 2*s**3/3 - 7*s**2. Is u(-6) a prime number?
False
Let b(o) = -19261*o + 21. Is b(-2) a composite number?
False
Let t(n) = -16*n**3 + 2*n + 1. Let b be t(-1). Is 5/((-25)/b) + 418 a prime number?
False
Suppose 4921 - 58989 = -14*h. Is h a prime number?
False
Let z(b) be the third derivative of -3/4*b**4 - 3*b**2 + 8/3*b**3 + 0*b + 0. Is z(-11) composite?
True
Let x = -61 + 45. Is 4 - (-441 + x/4) a prime number?
True
Suppose -9*j - 14 + 5 = 0. Is 2/((-1465)/1475 - j) a composite number?
True
Suppose -3*n - 10 = 4*h + h, 0 = -4*h - 20. Let r(m) = 168*m + 11. Is r(n) a composite number?
True
Suppose 2*s + 32037 = 5*p, 3*s + 1650 = -4*p + 27275. Is p composite?
True
Let q be 6/(-2) - (5 - 8). Suppose b - 332 - 1509 = q. Is b prime?
False
Suppose -c = -2*t + 2, -3*c - 5*t - 18 = -56. Let b = -2216 - -2179. Let w = c - b. Is w prime?
True
Suppose 0 = 2*n - 77 - 261. Let q = n - 35. Suppose -i = -3*i + q. Is i a composite number?
False
Suppose f - 25 = -5*m + 2*f, -4*f + 20 = 4*m. Suppose 2*u = 2*z + 1862, -15 + m = 5*z. Is u prime?
True
Let k(m) = 119*m + 89. Is k(8) a prime number?
False
Let h = 1147 - -1795. Is h a prime number?
False
Suppose 5*r - 12 = -3*l, r = -0*r - 3*l. Suppose r*w = 92 + 145. Is w prime?
True
Let n(h) = h**2 - 8*h + 9. Let u be n(6). Is (u - -1)/(-2)*(886 + 1) a composite number?
False
Suppose 16*o - 3593282 = -6*o. Is o prime?
False
Let f = -692 + 9749. Is f a prime number?
False
Suppose 12*j - 23*j + 80597 = 0. Is j composite?
True
Suppose -5*h + 52327 - 7513 = -b, -4*h = 2*b - 35854. Is h prime?
True
Let t = 21 + -16. Suppose -2*p + 3*v + v + 1690 = 0, -t*p + 4249 = -4*v. Is p prime?
True
Suppose 5*l + m + 2505 + 3060 = 0, 0 = -4*l + 2*m - 4452. Let c = 1725 + l. Suppose -624 = -4*g + c. Is g prime?
False
Let t be (-2)/5 + (-66)/(-15). Suppose -1442 = -2*s + 2*i, 0*i + t*i = 16. Suppose -4*x - x + s = 0. Is x a composite number?
True
Suppose 2*z - 4*z + 236 = -5*i, 0 = 4*z + 4*i - 416. Let m be -1 + z/(7 - 3). Let p = m + 87. Is p a prime number?
True
Is (3 + 38*-289)*3/(-3) composite?
False
Let c be (-72)/(-6)*2/6. Suppose 0 = -6*j + 2*j + c. Is (-24 + j)/(1/(-7)) a composite number?
True
Let l(q) be the first derivative of 21*q**4/4 - 13*q**3/6 + 3*q**2/2 - 4. Let d(u) be the second derivative of l(u). Is d(4) prime?
True
Let b(p) = p**3 - 4*p**2 - p + 1. Let j = 5 - 1. Let y be b(j). Is (4/y)/(12/(-90)) a composite number?
True
Let v be -6 + 182 + -2 + 4. Let h = v - -631. Is h a composite number?
False
Suppose 616*h + 4385 = 621*h. Is h a composite number?
False
Suppose 17*t = 20*t - 5826. Is (-2 + (-2 - -1))/((-2)/t) composite?
True
Suppose -25*o = -19*o - 7320. Suppose 2*l = 167 + 151. Let s = o - l. Is s a prime number?
True
Let d be (-4)/10 - (-26)/(-10). Let n be 36/8 + d/(-2). Suppose 0 = -3*q + n, -m + 63 = -0*q - 3*q. Is m composite?
True
Let k(d) = -8*d**3 + 2*d**2 - 8*d - 9. Let h be k(-5). Suppose -2*u = -h - 1981. Is u a composite number?
False
Let w = 66430 + 36303. Is w prime?
False
Let j(y) = 25*y + 34. Suppose -3*v = -44 + 5. Is j(v) a composite number?
False
Let t(a) = 7*a**3 - a. Let p be t(1). Suppose 15 = 11*h - p*h. Suppose -h*u - 502 + 1519 = 0. Is u a composite number?
True
Suppose 0 = -17*y - 0*y + 447763. Is y composite?
False
Suppose 3*